divisor of d and t?
2
Suppose -4*v - v + 5340 = 0. Suppose -v = -5*b - 2*k, k - 3 = -4. Suppose 398 = 2*m - b. What is the greatest common factor of 51 and m?
51
Suppose 12*i - 27 = 3*i. Suppose 0 = a + z - 302, i*a - 920 = -2*z + 6*z. What is the highest common divisor of 16 and a?
16
Suppose 2*y - 39 = 5*f, -5*f + 5*y = 7 + 38. Let q be (-1131)/f + 2 + (-108)/42. What is the highest common factor of 92 and q?
23
Suppose 3*w + 372 = 4*d, 2*d + 2*w - 235 = -63. Let o be ((-30)/20)/((-2)/(80/6)). What is the highest common factor of o and d?
10
Let j = -57 - -62. Suppose 0 = j*m + 15, -m = -c - 0*c + 8. Suppose -5*k - c*t + 220 = 0, -2*k - 5*t + 94 = -0*k. What is the highest common factor of 18 and k?
6
Let x(s) = -2*s**3 - 11*s**2 + 3*s + 10. Let p be x(-5). Suppose 2*w - 29 - 77 = 0. Let k = p + w. Calculate the highest common divisor of 23 and k.
23
Let w = -9605 - -9671. Calculate the greatest common factor of 1947 and w.
33
Let z = 121 - 129. Let h be 5/(-10) + (-964)/z. Let v be (-2176)/(-72) - (-2)/(-9). What is the highest common factor of v and h?
30
Suppose 80 + 58 = 6*y. Suppose y*v - 145 = 62. Let k = 1 - -8. Calculate the greatest common factor of k and v.
9
Let o be 1*-5*(-24)/40. Let x be (-1)/(316/(-105) + o). Let f be (-212)/(-10) + 2/(-10). Calculate the highest common divisor of x and f.
21
Suppose -6*q + 4*q - 2 = 0, 7*i = -2*q + 3022. What is the highest common factor of i and 10908?
108
Let k(t) = 2*t + 38. Let a be k(19). Calculate the highest common divisor of 8 and a.
4
Let j be (26080/400)/(2/(-20)). Let g = j + 664. What is the greatest common divisor of g and 636?
12
Let h be (-3)/(-6) - (-926)/(-4). Let y = h + 165. Let r = -40 - y. What is the greatest common factor of 182 and r?
26
Suppose f - 43 - 51 = -2*t, f - 4*t - 94 = 0. Suppose -f = 2*v - 450. Suppose v = 4*l + 34. Calculate the highest common factor of 24 and l.
12
Suppose -2*n + 5*g = 398, -5*n = -5*g - 266 + 1291. Let l = -204 - n. Calculate the greatest common factor of l and 3.
1
Suppose 18*y - 8 = 14*y. Suppose 0 = p - 0 - y. Suppose 0 = -3*v - 2*n + 135, 2*v + p*n + 47 = 137. Calculate the highest common divisor of v and 9.
9
Suppose -m = 0, -2*w + 0 + 82 = -4*m. Suppose w*y = 35*y + 210. Calculate the highest common divisor of 245 and y.
35
Let v be -3 + 2 + 2/2. Suppose 4*f + 1 - 5 = v. Let m = f - -3. What is the highest common divisor of 4 and m?
4
Let n(k) = k**3 - 36*k**2 + 68*k - 294. Let r be n(35). Calculate the greatest common factor of r and 82.
41
Let o(t) be the third derivative of -t**5/60 + 5*t**4/6 - 20*t**3/3 - t**2 - 64. Let n be o(10). Calculate the greatest common divisor of 12 and n.
12
Let p be -10 - (-93 - 0) - (-9 + 4). Calculate the greatest common divisor of p and 136.
8
Let l = -14 - -16. Let n(a) = 14*a - 3*a**2 + 28 - a**3 + 6*a**l + 0*a**2 - 15*a**2. Let i be n(-13). Calculate the highest common divisor of i and 6.
3
Let g be 6 + -4 - (-218)/1. Let o = 2864 - 2844. Calculate the highest common factor of g and o.
20
Let o(z) = -7*z**2 + 231*z - 98. Let j be o(32). Calculate the highest common factor of 6678 and j.
126
Suppose -4*l + 3*l - u + 162 = 0, -3*l = 2*u - 482. What is the greatest common factor of 4 and l?
2
Suppose 22*v - 3510 = -1662. What is the greatest common divisor of 14028 and v?
84
Let k = 909 - 353. Suppose k = 4*x - 56. What is the highest common divisor of x and 17?
17
Let f be 1/(-6)*12/(-9) + (-223446)/(-9018). What is the highest common divisor of f and 14550?
25
Let a(d) be the third derivative of -d**6/120 - d**5/30 + 3*d**4/8 + 21*d**3/2 + 12*d**2 + 1. Let g be a(-6). What is the highest common divisor of g and 68?
17
Let i be (0 + (-1)/3)*-21. Let z be (-2)/(12/i + 1 + -3). Let d be z*(-4)/(-2*2)*1. Calculate the highest common factor of 7 and d.
7
Let v = -945 - -947. Suppose v*a - 23 = 5*f - 0, -f = 3*a - 43. Calculate the highest common divisor of 161 and a.
7
Let p(c) = 74*c - 140*c + 27 + 68*c. Let m be p(-11). Suppose -4*k + 0*k = 4*f - 92, -2*f = m*k - 106. Calculate the greatest common divisor of k and 50.
10
Let v = 6010 + 19730. Calculate the greatest common factor of 90 and v.
90
Suppose 0*i - 26 = -i. Let l be (1/3 + -3)/(2/468). Let a = 754 + l. Calculate the highest common factor of i and a.
26
Let n(b) = -b**2. Let d be n(0). Suppose -5*k - 1218 - 537 = d. Let p be ((-2)/7)/(-1) - k/21. Calculate the greatest common divisor of 34 and p.
17
Let y(k) = 407*k**2 - 2*k - 2. Let a be 2/(-6)*(0 + 3). Let b be y(a). Let c be 37/2*(-9 + 11). Calculate the greatest common factor of c and b.
37
Let f be (-1)/((-2)/10*1). Suppose 24*j - 65 = 6*j + 5*j. What is the highest common divisor of f and j?
5
Let g(r) = 55*r**3 + 2*r**2 + 22*r - 23. Let d be g(1). Calculate the highest common factor of d and 11144.
56
Suppose 2*s - 334 = -4*t, -3*s + 5 + 10 = 0. Let m(p) = -17*p - 4 + 65 + 19 + 65. Let i be m(8). What is the greatest common divisor of i and t?
9
Suppose 93*i - 101*i = 42*i - 700. Let f = 12 - 5. Let x be (6 - 42)*f/(-2). What is the greatest common factor of x and i?
14
Let h be (316/14 - 2)/(23 + 5146/(-224)). What is the greatest common factor of h and 204?
12
Let u be (1541/(-115))/(3/(-15)) + -7. What is the highest common divisor of u and 300?
60
Let s be (59 - (-1 - 11)) + (-1)/(-1). Calculate the greatest common divisor of s and 531.
9
Let z be (12 + -11)/((-2)/(-14)). Let m(n) = 3*n + 8*n**2 - z*n**2 - 1 + 0*n**2. Let x be m(2). What is the highest common factor of x and 99?
9
Let k be (-506)/(-16) - 387/(-1032). Let t(z) = -2*z**3 + 2*z**2 - z - 1. Let v be t(-1). Calculate the highest common divisor of k and v.
4
Let t(x) = -x + 1. Let g(a) = 0*a**2 + 3*a**2 - a**2 - 3*a**2. Let z(o) = -g(o) + 3*t(o). Let k be z(2). What is the highest common factor of k and 3?
1
Suppose 4*r - 5 = 3*r. Let s be ((-2880)/432)/(((-16)/177)/4). Calculate the greatest common divisor of r and s.
5
Let i(p) = 2*p**2 + 25*p - 21. Let x be i(-14). Suppose 8*o - x = 5*o. What is the greatest common divisor of o and 4?
1
Let z = 222 - 210. Suppose 16*t - 3*i = z*t + 67, 2*t - 5*i = 23. What is the greatest common factor of 3 and t?
1
Let m = -6365 - -6448. What is the greatest common divisor of m and 747?
83
Suppose -35*i + 316 = 2*j - 31*i, -3*j - 3*i = -459. What is the greatest common divisor of j and 666?
74
Let r be 20 + (208/312 - (-10)/3). Calculate the highest common divisor of r and 39.
3
Let b = 181 - 173. Suppose 3*o - 2*a = -4, -o = o - 3*a + 6. Suppose o = -0*m + 2*m - 112. Calculate the greatest common factor of b and m.
8
Suppose 208*v - 4*s - 2730 = 203*v, -v + 4*s = -546. Calculate the highest common factor of v and 9.
3
Let u = 336 - 458. Let c = 173 - u. What is the highest common factor of c and 59?
59
Suppose 2*h = 3*b + 186, 7*b - 119 = -h + 2*b. Calculate the greatest common factor of h and 1683.
99
Suppose -53*w - 16 + 122 = 0. Let t be 4/(-14) + 115/35. Suppose 2*f - 14 = -t*i + 3, 0 = f - i + 4. Calculate the highest common divisor of f and w.
1
Let o be (9/12*10)/((-9)/(-6)). Suppose 3*d = o*l + 693, 205 = 3*d + 5*l - 488. What is the highest common factor of 21 and d?
21
Let p(g) = 27*g**2 - 139*g + 22. Let h be p(5). What is the greatest common divisor of h and 649?
1
Let q(x) = -x**3 - x**2 - 4*x - 10. Let s be q(-7). Suppose 448*n - 15984 = -208*n - 10*n. What is the highest common factor of s and n?
24
Suppose -3*z = -4*z - 5*t + 12, 2*z - 24 = 3*t. Let d = -5867 + 5979. Calculate the greatest common factor of z and d.
4
Let k = 13254 - 13166. Calculate the highest common factor of 682 and k.
22
Let b = 5288 + -4357. Calculate the greatest common factor of 196 and b.
49
Suppose 12*k = 8*k - 16, -5*w + 2124 = 4*k. Let m = w + -388. Suppose -78 = -3*d + 2*q - 14, -2*d - 5*q = -30. Calculate the highest common divisor of d and m.
20
Let p(c) = 4*c**2 + 28*c + 4. Let o = -74 + 66. Let b be p(o). Suppose 3*k + 18 = b. Calculate the greatest common divisor of k and 78.
6
Let l(m) = m**3 + 35*m**2 - 86*m - 139. Let g be l(-36). What is the greatest common factor of g and 755?
151
Let i(y) = y - 1. Suppose -5*c - g + 139 = 0, 0 = 2*c + c - 3*g - 87. Let l be i(c). Calculate the highest common factor of l and 729.
27
Let k be (-1894053)/(-611) - 1/(-11 + -2). Calculate t